prime factors of r?
67
Suppose -3*f - 6*f + 45 = 0. Let h(z) = f*z - 6 + 2*z + 0*z**3 - z**3 - 6. What are the prime factors of h(-6)?
2, 3
Let a(y) = y**3 - 25*y**2 - 50*y - 198. List the prime factors of a(32).
2, 3, 5, 179
Let f(v) = -v**3 - 5*v**2 + v - 24. Suppose 2*p + 4*i = -20, 11*i = 13*i + 2. What are the prime factors of f(p)?
2, 5
List the prime factors of (-8070)/(25/(-5)) - (-19 + 25).
2, 3, 67
Let l = 30 + -8. Suppose 3643 = l*b - 2737. What are the prime factors of b?
2, 5, 29
Let q(r) = 10*r**2 + 24*r - 86. Let u(s) = 3*s**2 + 9*s - 29. Let b(c) = 6*q(c) - 17*u(c). List the prime factors of b(9).
5
Suppose 2*o = -0*p - 4*p + 34, -3*o = -3. Let n(j) = -j**2 - 6*j. Let t be n(-6). List the prime factors of 24/(p/12 + t).
2, 3
Suppose 4*y - 146 - 394 = 0. Let u be 0 + 6/2*1. Suppose u*p + 115 = 6*p + 5*o, 0 = -5*p + 3*o + y. List the prime factors of p.
2, 3, 5
Suppose -131*j + 116*j + 41175 = 0. List the prime factors of j.
3, 5, 61
Let z be 11/(-33)*(2 - 5). List the prime factors of z + -6 + 0 - -552.
547
Let x(z) = 41*z**2 - 21*z**2 + z**3 + 41 - 18*z - 52*z**2. List the prime factors of x(33).
2, 67
Let g = -183222 + 262321. What are the prime factors of g?
83, 953
Suppose 80108 = 2*f + 2*z, -26*z + 80113 = 2*f - 25*z. List the prime factors of f.
3, 4451
Suppose -7*s = 10 - 31. Suppose -1360 = 2*h - 6*h + s*t, 5*h - 1700 = -t. What are the prime factors of h?
2, 5, 17
Let j(y) be the second derivative of 23*y**4/4 - 17*y**3/6 + 33*y**2 + y + 55. What are the prime factors of j(4)?
2, 19, 29
Let p be 1119/(-4) - -6*3/24. Let z = -148 - p. Suppose -u + 4*b = -147, 5*b = -u + b + z. List the prime factors of u.
139
Let d be (-2 + (-3 - -4))/((-5)/(-10)). Let w be (132/8)/(1/2) - d. Suppose 0 = -18*q + 19*q - w. List the prime factors of q.
5, 7
List the prime factors of (-1)/((-2)/6)*(-5801978)/(-2982).
13, 449
Let i be 2/(-5) - (-30)/(-50) - 2. Let x(z) = -273*z + 38. What are the prime factors of x(i)?
857
Let i = -4377 - -7183. Suppose -12*r = -3146 - i. List the prime factors of r.
2, 31
What are the prime factors of 84/(-16)*911120/(-105)?
2, 7, 1627
Let n = 91 - 63. List the prime factors of (-7)/(n/(-844)) + 2 + -4.
11, 19
Let m be (-34)/(-85)*(-1 - 64). What are the prime factors of (-2)/(-4) + m/((-208)/10164)?
31, 41
Let l(j) = -1131*j - 468. List the prime factors of l(-12).
2, 3, 7, 13
Suppose 4*n + 5*h - 10 = 37, h = -5*n + 43. Suppose 174 = -11*o + n*o. What are the prime factors of -1 + (2 + 0)/((-4)/o)?
2, 7
Let v be 3/2*((-3550)/(-15))/(-5). Let l = 582 + v. List the prime factors of l.
7, 73
Let t(j) = -j**3 - 4*j**2 - j - 4. Let g be t(-4). Let b be (g - 1 - -1)/1. Suppose -3*s - 128 + 326 = b. What are the prime factors of s?
2, 3, 11
Let i be -2 + 4/(-2 + -2). Let s be (-11)/i*129/1. Suppose 6*d - 73 - s = 0. What are the prime factors of d?
7, 13
Let z(a) = 1758*a - 1762*a + 3 + 2*a**2 - 3*a**3 - 4. List the prime factors of z(-4).
239
Suppose -4*k + 14 = -5*f, 4*k - 4*f + 6 = -9*f. Let l be 5 + 234/(-21) - k/(-7). What are the prime factors of ((-1160)/60)/(1/l)?
2, 29
Let h(p) = -198*p**3 + p**2 - 11*p - 27. List the prime factors of h(-2).
1583
Let s = 525 + 1465. Suppose -7*q = 3*q - s. List the prime factors of q.
199
Let n = 1909 + 18485. What are the prime factors of n?
2, 3, 11, 103
Let x(f) = 41*f - 328. Let y be x(8). Suppose y = 4*b + m - 3691, -1856 = -2*b - 3*m - m. List the prime factors of b.
2, 461
Suppose -22*q + 10742 = -27*q + 4*v, -q = -3*v + 2144. Let l = -1012 - q. List the prime factors of l.
2, 569
Suppose -3*v + 19 = k - 7*v, -22 = -k + 5*v. Suppose -4 = -4*a, 0 + k = 3*n + a. What are the prime factors of ((-5)/(-3) - n) + (-674)/(-6)?
2, 7
Let z(f) = 5 - 4*f + 7*f**2 - 9*f**2 + 3*f**2. Let m be z(4). Suppose -m*y + 509 + 16 = 0. List the prime factors of y.
3, 5, 7
Suppose -16 = 24*g - 28*g. Suppose 2*b - w = -g, -w - w = 8. List the prime factors of (-1)/(((-16)/(-796))/b).
199
Let n = 93 - -103. Suppose n*r + 6480 = 205*r. What are the prime factors of r?
2, 3, 5
Suppose -g + 10 = 11. Let a(z) = -3*z + 5. Let b be a(g). Suppose b*c + 42 = 11*c. What are the prime factors of c?
2, 7
List the prime factors of (-4799 + -2)*(14 - 43 - -28).
4801
Suppose -2*h + 4*l + 23708 = 0, 181*h - 11872 = 180*h + 5*l. List the prime factors of h.
2, 31, 191
Let p = 1210 - -415. Let k = -890 + p. List the prime factors of k.
3, 5, 7
Suppose 15 = 5*y - 55. Let x be 48/2 + (-8)/(-2). List the prime factors of 4 - 104/x - (-1564)/y.
2, 7
Let n(w) = 66*w**2 - 30 - 148*w**2 - w**3 + 63*w**2 + 10*w. What are the prime factors of n(-20)?
2, 5, 17
Let d = 9481 + -5611. What are the prime factors of d?
2, 3, 5, 43
Let h be ((-12)/(-4) + 27)*(-6)/(-15). Suppose 3*p = 4*y - 21, h = 2*p - 6*p. Suppose -5*k - 15 = 0, y*i = -i - 5*k + 545. What are the prime factors of i?
2, 5, 7
List the prime factors of (((-5674)/(-1))/((-12)/(-21)))/(18/36).
7, 2837
Let b = 216 + -223. Let d(q) = -44*q + 105. List the prime factors of d(b).
7, 59
Suppose k = 15 - 13. Let y be (-7 - -6)*k*-2. Suppose 100 = 4*l - y*u, -l - u + 95 = 4*l. What are the prime factors of l?
2, 5
List the prime factors of -6607*(34 - 27 - (-27)/(-3)).
2, 6607
Let z be ((-2)/4)/(4 + (-9)/2). Let s(a) = 535*a**2 - 12*a + 13. What are the prime factors of s(z)?
2, 67
Let m(w) = 2 + 94*w**2 - 20*w**2 + 178*w**2 - 19*w - 1. List the prime factors of m(1).
2, 3, 13
Let q(r) = 6*r**3 + 10*r**2 - 19*r + 84. List the prime factors of q(15).
3, 7433
Suppose 3*a - 16 = 8. Suppose n = 2*n + d + a, 2*d + 13 = -n. What are the prime factors of 1180/16 - n/12?
2, 37
Suppose 7*n = 13*n - 18. Suppose 0 = 2*i + 2, -4*l + i + n*i - 216 = 0. What are the prime factors of l/(-10)*-3*(-20)/6?
5, 11
Let k = -43 - -46. Suppose y + 8 = k*o + 2*y, 4*o - 16 = -4*y. Suppose -i - i = 2, -2*c - o*i = -88. What are the prime factors of c?
3, 5
Suppose 2*j + 93295 = 5*y, 43705 = 4*y - 4*j - 30919. List the prime factors of y.
18661
Let v = 246 + -266. What are the prime factors of 2*1/v - (-22888)/80?
2, 11, 13
Let n(k) = -k - 220*k + 4 - 440*k - 3 + 24*k. List the prime factors of n(-1).
2, 11, 29
Let p be 10/(4/4*-1). Let t(c) = -c**3 - 10*c**2 + c + 13. Let v be t(p). Suppose 3*l + 5*h - 220 = 192, 5*l + v*h = 692. What are the prime factors of l?
139
Suppose -3 = -3*r, 5*i - r + 767 = -189. Let q = -127 - i. What are the prime factors of q?
2
Let g be -7*10/245 - 18/(-14). What are the prime factors of 855 - (-31 + 26 + g + 0)?
859
Let n(b) = 54*b**2 + 8*b + 15. Let c be n(9). Suppose -1923 = -14*h + c. What are the prime factors of h?
2, 3, 19
Suppose 209719 = 14*n - 15051. List the prime factors of n.
5, 13, 19
Suppose 2*h - 14*h = -0*h - 137916. List the prime factors of h.
3, 1277
Suppose -5*h = 4*t - 22811, 5*t + 4539 = 22*h - 21*h. List the prime factors of h.
47, 97
Suppose -a = 1 - 10. Let j be 0 + a/(-15) + (-12656)/(-35). What are the prime factors of j/2 - (-5)/(-10)?
2, 3, 5
Let v = 83 + -122. Let b = 38 + v. List the prime factors of 1/(-4) - (602/(-8) - b).
2, 37
Let c = -138 - -62. List the prime factors of (-1 - (-195)/(-10))/(2/c).
19, 41
Suppose -6*t - 84 = -18*t. Let c be (2 - 2816/t) + 2/7. List the prime factors of ((-48)/40)/(3/c).
2, 5
Suppose 4*s - 147*m + 146*m - 123627 = 0, -5*s = 5*m - 154515. What are the prime factors of s?
2, 3, 17, 101
Let h be (-1)/(-2) - (10 + 92/(-8)). Suppose h*a - 387 = 401. What are the prime factors of a?
2, 197
Let h(i) = -68*i - 26. Let c be h(-3). Suppose -q = -c - 62. Let l = q + -100. List the prime factors of l.
2, 5, 7
Let m = -11900 - -32152. What are the prime factors of m?
2, 61, 83
Suppose 2*m + 20 = -5*v - 50, 0 = -4*m. Let q = v + 18. List the prime factors of (6 - q/(-4))*1.
7
Suppose q - 4*z - 17 = 0, 4*q + 0*z + 2*z = 14. Suppose 3*p + q = 4*p, 5*p = u - 109. List the prime factors of u.
2, 67
Suppose 4*a - 7158 = -2*x, -a - 4032 = -3*x + 6705. What are the prime factors of x?
3, 1193
Suppose -3*p - 4*i + 135778 = 0, -4*p = -147*i + 145*i - 181074. List the prime factors of p.
2, 13, 1741
Let k(b) = -2*b. Let n be k(0). Suppose w + w - 32 = n. Let y = w - 8. List the prime factors of y.
2
Let l be -4*(20/(-16))/5. Let v(r) = r**2 + r - 2. Let c be v(l). Suppose -109 = -5*s + x + 223, c = 3*s + 3*x -